{"id":658,"date":"2016-01-04T13:21:15","date_gmt":"2016-01-04T12:21:15","guid":{"rendered":"http:\/\/www.repulonapok.hu\/?page_id=658"},"modified":"2024-01-29T17:42:35","modified_gmt":"2024-01-29T16:42:35","slug":"airpower-2016-zeltweg-non-stop","status":"publish","type":"page","link":"https:\/\/www.repulonapok.hu\/?page_id=658","title":{"rendered":"AIRPOWER 2024, Zeltweg, NON STOP"},"content":{"rendered":"\n<figure class=\"wp-block-image size-large\"><a href=\"https:\/\/www.repulonapok.hu\/wp-content\/uploads\/2024\/01\/FB_Banner_2024.webp\"><img loading=\"lazy\" decoding=\"async\" width=\"1024\" height=\"390\" src=\"https:\/\/www.repulonapok.hu\/wp-content\/uploads\/2024\/01\/FB_Banner_2024-1024x390.webp\" alt=\"\" class=\"wp-image-2855\" srcset=\"https:\/\/www.repulonapok.hu\/wp-content\/uploads\/2024\/01\/FB_Banner_2024-1024x390.webp 1024w, https:\/\/www.repulonapok.hu\/wp-content\/uploads\/2024\/01\/FB_Banner_2024-300x114.webp 300w, https:\/\/www.repulonapok.hu\/wp-content\/uploads\/2024\/01\/FB_Banner_2024-768x292.webp 768w, https:\/\/www.repulonapok.hu\/wp-content\/uploads\/2024\/01\/FB_Banner_2024-1536x585.webp 1536w, https:\/\/www.repulonapok.hu\/wp-content\/uploads\/2024\/01\/FB_Banner_2024.webp 1708w\" sizes=\"(max-width: 1024px) 100vw, 1024px\" \/><\/a><\/figure>\n\n\n\n<p><b>Id\u0151pont: 2024. 09. 06\u2013 08.\u00a0 \u00a0 \u00a0 \u00a0 \u00a0 \u00a0 \u00a0 \u00a0 Poz\u00edci\u00f3sz\u00e1m:<\/b> 24\/RAZ\/12<\/p>\n\n\n\n<p><b>Utaz\u00e1s:<\/b> az utasl\u00e9tsz\u00e1mnak megfelel\u0151 aut\u00f3busszal<\/p>\n\n\n\n<p><b>\u00datvonal:<\/b> Budapest \u2013 R\u00e1baf\u00fczes \u2013 Graz \u2013 Zeltweg\u00a0\u2013 Budapest ( kb: 860 km )<\/p>\n\n\n\n<p><b>Ell\u00e1t\u00e1s: <\/b>\u00f6nell\u00e1t\u00f3<\/p>\n\n\n\n<p>&nbsp;<\/p>\n\n\n\n<p><strong>1.nap: p\u00e9ntek, Indul\u00e1s: <\/strong><\/p>\n\n\n\n<p><strong>23:20 \u2013\u00a0<\/strong>kor Pestszentl\u0151rinc, \u00dcll\u0151i \u00fat 379-381. LIDL parkol\u00f3<\/p>\n\n\n\n<p><strong>23:45&nbsp;<\/strong>\u2013 kor Ecseri \u00fat OMV benzink\u00fat, befel\u00e9 vezet\u0151 oldalon (\u00dcll\u0151i \u00fat 110.)<\/p>\n\n\n\n<p>Folyamatos utaz\u00e1s, r\u00f6vid pihen\u0151kkel.<\/p>\n\n\n<div class=\"wp-block-image\">\n<figure class=\"aligncenter size-large is-resized\"><a href=\"https:\/\/www.repulonapok.hu\/wp-content\/uploads\/2024\/01\/eurofighter_a02.jpg\"><img loading=\"lazy\" decoding=\"async\" src=\"https:\/\/www.repulonapok.hu\/wp-content\/uploads\/2024\/01\/eurofighter_a02-1024x739.jpg\" alt=\"\" class=\"wp-image-2856\" width=\"645\" height=\"465\" srcset=\"https:\/\/www.repulonapok.hu\/wp-content\/uploads\/2024\/01\/eurofighter_a02-1024x739.jpg 1024w, https:\/\/www.repulonapok.hu\/wp-content\/uploads\/2024\/01\/eurofighter_a02-300x217.jpg 300w, https:\/\/www.repulonapok.hu\/wp-content\/uploads\/2024\/01\/eurofighter_a02-768x555.jpg 768w, https:\/\/www.repulonapok.hu\/wp-content\/uploads\/2024\/01\/eurofighter_a02-1536x1109.jpg 1536w, https:\/\/www.repulonapok.hu\/wp-content\/uploads\/2024\/01\/eurofighter_a02-2048x1479.jpg 2048w\" sizes=\"(max-width: 645px) 100vw, 645px\" \/><\/a><\/figure><\/div>\n\n\n<p><strong>2.nap: szombat,<\/strong> A reggeli \u00f3r\u00e1kban a zeltwegi rep\u00fcl\u0151t\u00e9rre \u00e9rkez\u00fcnk. Eg\u00e9sznapos egy\u00e9ni r\u00e9szv\u00e9tel az AIR POwer 2024 rendezv\u00e9nyen.<\/p>\n\n\n\n<p>Bel\u00e9p\u0151: ingyenes. info: www.airpower.gv.at<\/p>\n\n\n\n<p>Este 18:30-t\u00f3l gy\u00fclekez\u00e9s a buszn\u00e1l, 19 \u00f3rakor indul\u00e1s hazafel\u00e9!<\/p>\n\n\n\n<p>Folyamatos utaz\u00e1s, r\u00f6vid pihen\u0151kkel<\/p>\n\n\n\n<p><strong>3. nap: vas\u00e1rnap<\/strong> \u00c9rkez\u00e9s Budapestre a kora hajnali \u00f3r\u00e1kban. Lesz\u00e1ll\u00e1si lehet\u0151s\u00e9g az aut\u00f3buszr\u00f3l a felsz\u00e1ll\u00e1ssal megegyez\u0151 helyeken.<\/p>\n\n\n\n<p class=\"has-text-align-center has-large-font-size\"><strong>R\u00e9szv\u00e9teli d\u00edj: 19 000 Ft\/f\u0151<\/strong><\/p>\n\n\n\n<p><strong><em><u>A r\u00e9szv\u00e9teli d\u00edj tartalmazza<\/u><\/em><\/strong><strong><em>:&nbsp;<\/em><\/strong><em>az aut\u00f3buszos utaz\u00e1s k\u00f6lts\u00e9geit<\/em><\/p>\n\n\n\n<p><strong><em><u>A r\u00e9szv\u00e9teli d\u00edj nem tartalmazza<\/u><\/em><\/strong><strong><em>:<\/em><\/strong><em>&nbsp; a BBP- biztos\u00edt\u00e1st, mely irod\u00e1inkban megk\u00f6thet\u0151.<\/em><\/p>\n\n\n\n<p class=\"has-text-align-center\"><\/p>\n\n\n<div class=\"wp-block-image\">\n<figure class=\"aligncenter size-full\"><a href=\"https:\/\/www.repulonapok.hu\/wp-content\/uploads\/2024\/01\/Frecce-Tricolori_2-600x339-1.jpg\"><img loading=\"lazy\" decoding=\"async\" width=\"600\" height=\"339\" src=\"https:\/\/www.repulonapok.hu\/wp-content\/uploads\/2024\/01\/Frecce-Tricolori_2-600x339-1.jpg\" alt=\"\" class=\"wp-image-2857\" srcset=\"https:\/\/www.repulonapok.hu\/wp-content\/uploads\/2024\/01\/Frecce-Tricolori_2-600x339-1.jpg 600w, https:\/\/www.repulonapok.hu\/wp-content\/uploads\/2024\/01\/Frecce-Tricolori_2-600x339-1-300x170.jpg 300w\" sizes=\"(max-width: 600px) 100vw, 600px\" \/><\/a><\/figure><\/div>\n\n\n<p><span style=\"font-size: medium;\"><b>\u00c1rainkat 400 Ft = 1 \u20ac \u00e1rfolyamig tudjuk garant\u00e1lni!<\/b><\/span><\/p>\n\n\n\n<p><span style=\"font-size: medium;\"><b>\u00c9LM\u00c9NYEKBEN GAZDAG UTAZ\u00c1ST, SOK-SOK REP\u00dcL\u0150G\u00c9PET K\u00cdV\u00c1NUNK!<\/b><\/span><\/p>\n","protected":false},"excerpt":{"rendered":"<p>Id\u0151pont: 2024. 09. 06\u2013 08.\u00a0 \u00a0 \u00a0 \u00a0 \u00a0 \u00a0 \u00a0 \u00a0 Poz\u00edci\u00f3sz\u00e1m: 24\/RAZ\/12 Utaz\u00e1s: az utasl\u00e9tsz\u00e1mnak megfelel\u0151 aut\u00f3busszal \u00datvonal: Budapest \u2013 R\u00e1baf\u00fczes \u2013 Graz \u2013 Zeltweg\u00a0\u2013 Budapest ( kb: [&hellip;]<\/p>\n","protected":false},"author":1,"featured_media":0,"parent":0,"menu_order":0,"comment_status":"closed","ping_status":"closed","template":"","meta":{"footnotes":""},"_links":{"self":[{"href":"https:\/\/www.repulonapok.hu\/index.php?rest_route=\/wp\/v2\/pages\/658"}],"collection":[{"href":"https:\/\/www.repulonapok.hu\/index.php?rest_route=\/wp\/v2\/pages"}],"about":[{"href":"https:\/\/www.repulonapok.hu\/index.php?rest_route=\/wp\/v2\/types\/page"}],"author":[{"embeddable":true,"href":"https:\/\/www.repulonapok.hu\/index.php?rest_route=\/wp\/v2\/users\/1"}],"replies":[{"embeddable":true,"href":"https:\/\/www.repulonapok.hu\/index.php?rest_route=%2Fwp%2Fv2%2Fcomments&post=658"}],"version-history":[{"count":11,"href":"https:\/\/www.repulonapok.hu\/index.php?rest_route=\/wp\/v2\/pages\/658\/revisions"}],"predecessor-version":[{"id":2858,"href":"https:\/\/www.repulonapok.hu\/index.php?rest_route=\/wp\/v2\/pages\/658\/revisions\/2858"}],"wp:attachment":[{"href":"https:\/\/www.repulonapok.hu\/index.php?rest_route=%2Fwp%2Fv2%2Fmedia&parent=658"}],"curies":[{"name":"wp","href":"https:\/\/api.w.org\/{rel}","templated":true}]}}