{"id":625,"date":"2016-01-04T13:13:17","date_gmt":"2016-01-04T12:13:17","guid":{"rendered":"http:\/\/www.repulonapok.hu\/?page_id=625"},"modified":"2026-03-23T14:28:17","modified_gmt":"2026-03-23T13:28:17","slug":"szolnok-makett-kiallitas-es-verseny","status":"publish","type":"page","link":"https:\/\/www.repulonapok.hu\/?page_id=625","title":{"rendered":"Szolnok, Makett ki\u00e1ll\u00edt\u00e1s \u00e9s verseny"},"content":{"rendered":"<p class=\"western\" align=\"center\">2026-ban a Szolnoki Makettez\u0151k Bar\u00e1ti K\u00f6re a martf\u0171i TURUL Makett Klub k\u00f6zrem\u0171k\u00f6d\u00e9s\u00e9vel nagyszab\u00e1s\u00fa versenyt \u00e9s ki\u00e1ll\u00edt\u00e1st rendez imm\u00e1r 34. alkalommal.<\/p>\n<p class=\"western\" align=\"center\">A<u> \u2019GOforGO Travel\u2019 <\/u><u><b>ingyenes aut\u00f3buszt<\/b><\/u> ind\u00edt a rendezv\u00e9nyre, szombaton, <span style=\"text-decoration: underline;\"><strong>t\u00f6rzs utasai \u00e9s a verseny r\u00e9sztvev\u0151i r\u00e9sz\u00e9re,<\/strong><\/span> valamint \u00e9rt\u00e9kes nyerem\u00e9nyekkel jutalmazza a makett \u00e9p\u00edt\u00e9s legjobbjait.<\/p>\n<p align=\"center\">A &#8222;csak \u00e9rdekl\u0151d\u0151k&#8221; sz\u00e1m\u00e1ra is kedvezm\u00e9nyes utaz\u00e1si lehet\u0151s\u00e9get biztos\u00edtunk.<\/p>\n<p align=\"center\">L\u00e1togat\u00f3k sz\u00e1m\u00e1ra a szombati aut\u00f3buszjegy oda-vissza 3000 Ft<\/p>\n<h1 class=\"western\" align=\"center\"><strong><span style=\"font-size: large;\">A rendezv\u00e9ny id\u0151pontja: 2026. 03.28.<\/span><\/strong><\/h1>\n<p class=\"western\" align=\"justify\"><span style=\"font-size: medium;\"><b>Az aut\u00f3busz: <\/b><\/span><\/p>\n<p class=\"western\" align=\"justify\"><span style=\"font-size: small;\"><span style=\"font-size: medium;\"><b>2026. 03.28-\u00e1n<\/b><\/span><span style=\"font-size: medium;\"> reggel <\/span><\/span><span style=\"font-size: small;\"><span style=\"font-size: medium;\"><b>06:30-kor indul <\/b><\/span><span style=\"font-size: medium;\">a Budapest, Ecseri \u00fat, OMV benzink\u00fat, kifel\u00e9 vezet\u0151 oldal, \u00dcll\u0151i \u00fat 137. (templom oldala)<br \/>\n<\/span><\/span><\/p>\n<p class=\"western\" align=\"justify\"><span style=\"font-size: small;\">\u00a0\u00a0\u00a0 <span style=\"font-size: medium;\"><b>07:00-kor indul <\/b><\/span><span style=\"font-size: medium;\">a Pestszentl\u0151rinc, \u00dcll\u0151i \u00fat 379-381, LIDL parkol\u00f3.<\/span><\/span><\/p>\n<p class=\"western\" align=\"justify\"><span style=\"font-size: small;\"><span style=\"font-size: medium;\">A hazaindul\u00e1s <strong>2026.03.2 8<\/strong><\/span><span style=\"font-size: medium;\"><b>-\u00e1n du. 17:30 \u00f3rakor<\/b><\/span><span style=\"font-size: medium;\"> Szolnokr\u00f3l Budapestre. <\/span><\/span><\/p>\n<p class=\"western\" align=\"justify\"><span style=\"font-size: small;\"><span style=\"font-size: medium;\"><u><b>Utas regisztr\u00e1ci\u00f3: +36 30-307 17 36 vagy <\/b><\/u><\/span><span style=\"color: #0000ff;\"><u><a href=\"mailto:info@goforgo.hu\"><span style=\"font-size: medium;\"><b>info@goforgo.hu<\/b><\/span><\/a><\/u><\/span><span style=\"font-size: medium;\"><u><b>, GOforGO Travel Utaz\u00e1si Irod\u00e1n\u00e1l.<\/b><\/u><\/span><\/span><\/p>\n<p style=\"text-align: center;\">Helyek korl\u00e1tozottan! &#8211;<strong> MEGTELT!!!<\/strong><\/p>\n<p style=\"text-align: center;\"><img loading=\"lazy\" decoding=\"async\" id=\"irc_mi\" class=\"\" src=\"http:\/\/m.cdn.blog.hu\/it\/itthoneszakalfoldon\/image\/repulo_makett.jpg\" alt=\"\" width=\"700\" height=\"525\" \/><\/p>\n<p class=\"western\" align=\"justify\"><span style=\"font-size: small;\"><span style=\"font-size: medium;\">A verseny nevez\u00e9si \u00e9s r\u00e9szv\u00e9teli felt\u00e9teleir\u0151l Mag\u00f3 K\u00e1rolyt\u00f3l, a rendezv\u00e9ny f\u0151szervez\u0151j\u00e9t\u0151l lehet felvil\u00e1gos\u00edt\u00e1st k\u00e9rni a 06-30\/960-6254-es telefonsz\u00e1mon.\u00a0<\/span><\/span><\/p>\n<p style=\"text-align: center;\"><img loading=\"lazy\" decoding=\"async\" id=\"irc_mi\" src=\"http:\/\/4.bp.blogspot.com\/-wRchOLNPU_E\/Tz1MKhAyq-I\/AAAAAAAAEXg\/EoHYjz6Ieos\/s1600\/MBK+pecs%C3%A9t+BNP+sz.bmp\" alt=\"\" width=\"354\" height=\"344\" \/><\/p>\n<h2 style=\"text-align: center;\">A GOforGO Hung\u00e1ria TRAVEL Utaz\u00e1si Iroda a k\u00f6vetkez\u0151 k\u00fcl\u00f6nd\u00edjakat aj\u00e1nlja fel:<\/h2>\n<p style=\"text-align: center;\"><strong>\u201e<\/strong><\/p>\n<p><strong>A GOforGO HUNG\u00c1RIA TRAVEL Utaz\u00e1si Iroda a k\u00f6vetkez\u0151 k\u00fcl\u00f6nd\u00edjakkal jutalmazza a zs\u0171ri \u00e1ltal kiv\u00e1lasztott alkot\u00e1sokat:<\/strong><\/p>\n<p style=\"text-align: center;\"><strong>\u201eBest Of Show\u201d kateg\u00f3ri\u00e1ban: \u00a0\u00a0 <\/strong><\/p>\n<p style=\"text-align: center;\"><strong>Utaz\u00e1s Csehorsz\u00e1gba, Ostrav\u00e1ba a NATO DAYS rep\u00fcl\u0151napra<\/strong><\/p>\n<p style=\"text-align: center;\"><strong>\u201eLegszebb magyar rep\u00fcl\u0151g\u00e9p makett\u201d kateg\u00f3ri\u00e1ban:\u00a0 \u00a0 \u00a0 \u00a0 <\/strong><\/p>\n<p style=\"text-align: center;\"><strong>2 napos utaz\u00e1s a SIAF 2026-ra, amit id\u00e9n Kass\u00e1n rendeznek meg<\/strong><\/p>\n<p style=\"text-align: center;\"><strong>\u201eLegszebb magyar harcj\u00e1rm\u0171 makett\u201d kateg\u00f3ri\u00e1ban: 2 napos utaz\u00e1s Tankovy Den-re, Trencs\u00e9nbe \u00e9s Kunovic\u00e9be a csehszlov\u00e1k gy\u00e1rtm\u00e1ny\u00fa oldtimer rep\u00fcl\u0151k napj\u00e1ra<\/strong><\/p>\n<p style=\"text-align: center;\"><strong>\u201eLegszebb ifj\u00fas\u00e1gi makett\u201d kateg\u00f3ri\u00e1ban: L\u00e1togat\u00e1s a Mosonmagyar\u00f3v\u00e1ron megrendezett<br \/>\n<\/strong><strong>MOSON SHOW makettversenyen<\/strong><\/p>\n<p style=\"text-align: center;\"><strong>\u00a0\u201eLegszebb serd\u00fcl\u0151 makett makett\u201d kateg\u00f3ri\u00e1ban: L\u00e1togat\u00e1s a Mosonmagyar\u00f3v\u00e1ron megrendezett<br \/>\nMOSON SHOW makettversenyen <\/strong><strong>+1 f\u0151 k\u00eds\u00e9r\u0151 sz\u00fcl\u0151nek ingyenes helyet biztos\u00edtunk.<\/strong><\/p>\n<p style=\"text-align: center;\"><strong>\u201eLegszebb gyermek makett\u201d kateg\u00f3ri\u00e1ban:\u00a0 Plastic Winter, Pozsonyban <\/strong><strong>1 f\u0151 k\u00eds\u00e9r\u0151 sz\u00fcl\u0151nek ingyenes helyet biztos\u00edtunk.<\/strong><\/p>\n<h2 style=\"text-align: center;\">(egy makett, csak egy k\u00fcl\u00f6n d\u00edjat nyerhet)<\/h2>\n<p style=\"text-align: justify;\">(Figyelem: a d\u00edjazottak k\u00e9rj\u00fck, regisztr\u00e1lj\u00e1k magukat a GOforGO Hung\u00e1ria Travel k\u00e9pvisel\u0151j\u00e9n\u00e9l a helysz\u00ednen tal\u00e1lhat\u00f3 standunkon vagy az info@goforgo.hu email c\u00edmen 2026.03.31-ig! Amennyiben nem regisztr\u00e1l a nyertes, k\u00e9s\u0151bbi jelentkez\u00e9sn\u00e9l felmer\u00fcl\u0151 helyhi\u00e1ny eset\u00e9n elveszti utaz\u00e1si lehet\u0151s\u00e9g\u00e9t! A nyerem\u00e9nyeket m\u00e1sra \u00e1truh\u00e1zni, k\u00e9szp\u00e9nzre v\u00e1ltani nem lehet. R\u00e1fizet\u00e9ssel a nyerem\u00e9ny \u00e9rt\u00e9ke egy\u00e9b utaz\u00e1sainkba besz\u00e1m\u00edthat\u00f3.\u00a0 A nyerem\u00e9nyek \u00e9rt\u00e9k\u00e9ben az utaz\u00e1s megv\u00e1ltoztat\u00e1s\u00e1nak, cser\u00e9j\u00e9nek jog\u00e1t fenntartjuk!)<\/p>\n<p style=\"text-align: center;\"><img loading=\"lazy\" decoding=\"async\" id=\"irc_mi\" class=\"\" src=\"https:\/\/lh3.googleusercontent.com\/-Jg74P7hS9_0\/UU00FfRIiaI\/AAAAAAAAABs\/TWOK-ACBWDg\/s750\/IMG_2013_03_02-10_47_37-01888.JPG\" alt=\"\" width=\"700\" height=\"392\" \/><\/p>\n<p style=\"text-align: center; padding-left: 40px;\">A rendezv\u00e9ny ideje alatt a GOforGO Hung\u00e1ria TRAVEL standj\u00e1n el\u0151leg befizet\u00e9se mellett<br \/>\n<strong>5 &#8211; 10 % kedvezm\u00e9nnyel lehet jelentkezni 2026-os programjainkra.<\/strong><\/p>\n<p style=\"text-align: center;\">\u00c9LM\u00c9NYEKBEN GAZDAG UTAZ\u00c1ST, J\u00d3 SZ\u00d3RAKOZ\u00c1ST K\u00cdV\u00c1NUNK!<\/p>\n","protected":false},"excerpt":{"rendered":"<p>2026-ban a Szolnoki Makettez\u0151k Bar\u00e1ti K\u00f6re a martf\u0171i TURUL Makett Klub k\u00f6zrem\u0171k\u00f6d\u00e9s\u00e9vel nagyszab\u00e1s\u00fa versenyt \u00e9s ki\u00e1ll\u00edt\u00e1st rendez imm\u00e1r 34. alkalommal. A \u2019GOforGO Travel\u2019 ingyenes aut\u00f3buszt ind\u00edt a rendezv\u00e9nyre, szombaton, t\u00f6rzs [&hellip;]<\/p>\n","protected":false},"author":1,"featured_media":0,"parent":0,"menu_order":0,"comment_status":"closed","ping_status":"closed","template":"","meta":{"footnotes":""},"_links":{"self":[{"href":"https:\/\/www.repulonapok.hu\/index.php?rest_route=\/wp\/v2\/pages\/625"}],"collection":[{"href":"https:\/\/www.repulonapok.hu\/index.php?rest_route=\/wp\/v2\/pages"}],"about":[{"href":"https:\/\/www.repulonapok.hu\/index.php?rest_route=\/wp\/v2\/types\/page"}],"author":[{"embeddable":true,"href":"https:\/\/www.repulonapok.hu\/index.php?rest_route=\/wp\/v2\/users\/1"}],"replies":[{"embeddable":true,"href":"https:\/\/www.repulonapok.hu\/index.php?rest_route=%2Fwp%2Fv2%2Fcomments&post=625"}],"version-history":[{"count":30,"href":"https:\/\/www.repulonapok.hu\/index.php?rest_route=\/wp\/v2\/pages\/625\/revisions"}],"predecessor-version":[{"id":3329,"href":"https:\/\/www.repulonapok.hu\/index.php?rest_route=\/wp\/v2\/pages\/625\/revisions\/3329"}],"wp:attachment":[{"href":"https:\/\/www.repulonapok.hu\/index.php?rest_route=%2Fwp%2Fv2%2Fmedia&parent=625"}],"curies":[{"name":"wp","href":"https:\/\/api.w.org\/{rel}","templated":true}]}}