{"id":3142,"date":"2025-03-04T19:38:51","date_gmt":"2025-03-04T18:38:51","guid":{"rendered":"https:\/\/www.repulonapok.hu\/?page_id=3142"},"modified":"2025-03-04T19:39:34","modified_gmt":"2025-03-04T18:39:34","slug":"pancelosok-napja-lesanyban","status":"publish","type":"page","link":"https:\/\/www.repulonapok.hu\/?page_id=3142","title":{"rendered":"P\u00e1nc\u00e9losok napja Lesanyban"},"content":{"rendered":"\n<p class=\"has-large-font-size\"><strong>amikor a &#8222;NAGYVASAK&#8221; mozg\u00e1sba j\u00f6nnek<\/strong><\/p>\n\n\n\n<figure class=\"wp-block-image size-full\"><a href=\"https:\/\/www.repulonapok.hu\/wp-content\/uploads\/2025\/03\/Lesany-1.jpg\"><img loading=\"lazy\" decoding=\"async\" width=\"900\" height=\"356\" src=\"https:\/\/www.repulonapok.hu\/wp-content\/uploads\/2025\/03\/Lesany-1.jpg\" alt=\"\" class=\"wp-image-3143\" srcset=\"https:\/\/www.repulonapok.hu\/wp-content\/uploads\/2025\/03\/Lesany-1.jpg 900w, https:\/\/www.repulonapok.hu\/wp-content\/uploads\/2025\/03\/Lesany-1-300x119.jpg 300w, https:\/\/www.repulonapok.hu\/wp-content\/uploads\/2025\/03\/Lesany-1-768x304.jpg 768w\" sizes=\"(max-width: 900px) 100vw, 900px\" \/><\/a><\/figure>\n\n\n\n<p><strong><em>K\u00c9PEKKEL ILLUSZTR\u00c1LT POROGRAMJAINKAT A <\/em><\/strong><a href=\"http:\/\/www.goforgo.utazas.hu\/\"><strong><em>WWW.GOFORGO.UTAZAS.HU<\/em><\/strong><\/a><strong><em> \u2013OLDALON TEKINTHETI MEG!<\/em><\/strong><\/p>\n\n\n\n<figure class=\"wp-block-table\"><table><tbody><tr><td><strong>Id\u0151pont&nbsp;&nbsp;&nbsp; :&nbsp;<\/strong><\/td><td colspan=\"2\">2025. 08.29-30.<\/td><td colspan=\"2\"><strong>Poz. sz\u00e1m:<\/strong><\/td><td colspan=\"2\">25\/RLP\/09<\/td><td><strong>&nbsp;<\/strong><\/td><\/tr><tr><td colspan=\"8\"><strong>\u00datvonal&nbsp; : <\/strong>Budapest \u2013 Lesany \u2013 Budapest&nbsp; \u00fatvonalon (kb:1200km)<\/td><\/tr><tr><td><strong>Utaz\u00e1s&nbsp;&nbsp;&nbsp; :<\/strong><strong><\/strong><\/td><td colspan=\"3\"><strong>v<\/strong>az utasl\u00e9tsz\u00e1mnak megfelel\u0151 aut\u00f3busszal<\/td><td colspan=\"2\"><strong>Ell\u00e1t\u00e1s:<\/strong><\/td><td>\u00f6nell\u00e1t\u00e1s<\/td><td><strong>&nbsp;<\/strong><\/td><\/tr><tr><td colspan=\"2\"><strong>Sz\u00e1ll\u00e1s, elhelyez\u00e9s :<\/strong><\/td><td colspan=\"5\">1 \u00e9jszaka, Pr\u00e1g\u00e1ban, 2 \u00e1gyas szob\u00e1kban <strong><\/strong><\/td><td><strong>&nbsp;<\/strong><\/td><\/tr><tr><td><strong>Id\u0151tartam:&nbsp;&nbsp;<\/strong><\/td><td colspan=\"2\">2 nap\/1 \u00e9jszaka<\/td><td colspan=\"2\"><strong>Idegenvezet\u00e9s:&nbsp;&nbsp;&nbsp;<\/strong><\/td><td colspan=\"2\">csoportk\u00eds\u00e9r\u0151t biztos\u00edtunk<\/td><td><strong>&nbsp;<\/strong><\/td><\/tr><tr><\/tbody><\/table><\/figure>\n\n\n\n<p><strong><u>PROGRAM:<\/u><\/strong><strong><\/strong><\/p>\n\n\n\n<p><strong>1. nap: Felsz\u00e1ll\u00e1si lehet\u0151s\u00e9gek:<\/strong><\/p>\n\n\n\n<p>05:40&nbsp;&nbsp;&nbsp;&nbsp; Pestszentl\u0151rinc, \u00dcll\u0151i \u00fat 368. LIDL parkol\u00f3<\/p>\n\n\n\n<p><strong>06:00&nbsp;&nbsp;&nbsp;&nbsp; Budapest, Ecseri \u00fat OMV benzink\u00fat, belv\u00e1ros fel\u00e9 vezet\u0151 oldal (\u00dcll\u0151i \u00fat 110.)<\/strong><\/p>\n\n\n\n<p>Folyamatos utaz\u00e1s, r\u00f6vid pihen\u0151kkel. Csehorsz\u00e1g f\u0151v\u00e1ros\u00e1ba, Pr\u00e1g\u00e1ba \u00e9rve d\u00e9lut\u00e1n 2 lehet\u0151s\u00e9g k\u00f6z\u00fcl v\u00e1laszthatnak kedves utasaink:<\/p>\n\n\n\n<p>&#8211; m\u00fazeuml\u00e1togat\u00e1s: Pr\u00e1gai Hadt\u00f6rt\u00e9neti M\u00fazeum<\/p>\n\n\n\n<p>&#8211; S\u00e9ta \u00e9s s\u00f6r\u00f6z\u00e9s a v\u00e1rosban<\/p>\n\n\n\n<p>Sz\u00e1ll\u00e1s Pr\u00e1g\u00e1ban. Itt 1 \u00e9jszak\u00e1t t\u00f6lt\u00fcnk.<\/p>\n\n\n<div class=\"wp-block-image\">\n<figure class=\"aligncenter size-full is-resized\"><a href=\"https:\/\/www.repulonapok.hu\/wp-content\/uploads\/2025\/03\/cheshskye-pyvovarny-pov-siat-tsen-na-pyvo.jpg\"><img loading=\"lazy\" decoding=\"async\" width=\"694\" height=\"510\" src=\"https:\/\/www.repulonapok.hu\/wp-content\/uploads\/2025\/03\/cheshskye-pyvovarny-pov-siat-tsen-na-pyvo.jpg\" alt=\"\" class=\"wp-image-3144\" style=\"width:440px;height:auto\" srcset=\"https:\/\/www.repulonapok.hu\/wp-content\/uploads\/2025\/03\/cheshskye-pyvovarny-pov-siat-tsen-na-pyvo.jpg 694w, https:\/\/www.repulonapok.hu\/wp-content\/uploads\/2025\/03\/cheshskye-pyvovarny-pov-siat-tsen-na-pyvo-300x220.jpg 300w\" sizes=\"(max-width: 694px) 100vw, 694px\" \/><\/a><\/figure><\/div>\n\n\n<p><strong>2. nap:<\/strong> Reggel 7-kor indul\u00e1s a sz\u00e1llod\u00e1b\u00f3l Lesanyba. (kb. 60 km) Eg\u00e9sznapos r\u00e9szv\u00e9tel a Lesany mellett tal\u00e1lhat\u00f3 p\u00e1nc\u00e9los \u00e9s harcj\u00e1rm\u0171 m\u00fazeum rendezv\u00e9ny\u00e9n, melyen m\u0171k\u00f6d\u00e9s k\u00f6zben is megcsod\u00e1lhatjuk az elm\u00falt \u00e9vtizedek \u201eac\u00e9l monstrumjait\u201d<\/p>\n\n\n\n<p>&nbsp;&nbsp;&nbsp;&nbsp;&nbsp;&nbsp;&nbsp;&nbsp;&nbsp; 17:00 \u00f3rakor indul\u00e1s hazafel\u00e9. \u00c9rkez\u00e9s Budapestre a k\u00e9s\u0151 esti \u00f3r\u00e1kban, lesz\u00e1ll\u00e1si lehet\u0151s\u00e9g az aut\u00f3buszr\u00f3l, a felsz\u00e1ll\u00e1ssal megegyez\u0151 helyeken.<\/p>\n\n\n\n<h1 class=\"wp-block-heading has-text-align-center\">R\u00e9szv\u00e9teli d\u00edj:&nbsp; 63 000Ft\/f\u0151<\/h1>\n\n\n\n<p>info: https:\/\/www.vhu.cz\/muzea\/zakladni-informace-o-vtm-lesany\/<\/p>\n\n\n\n<p><strong><em><u>A r\u00e9szv\u00e9teli d\u00edj tartalmazza<\/u><\/em><\/strong><strong><em>:<\/em><\/strong><em> a sz\u00e1ll\u00e1sk\u00f6lts\u00e9get, az aut\u00f3buszos utaz\u00e1s k\u00f6lts\u00e9geit.<\/em><\/p>\n\n\n\n<p><strong><em><u>A r\u00e9szv\u00e9teli d\u00edj nem tartalmazza<\/u><\/em><\/strong><strong><em>:<\/em><\/strong><em> az \u00e9tkez\u00e9st, a bel\u00e9p\u0151jegyeket, melyek a helysz\u00ednen fizetend\u0151k vagy el\u0151re az interneten megv\u00e1s\u00e1rolhat\u00f3k \u00e9s a BBP- biztos\u00edt\u00e1st<\/em><\/p>\n","protected":false},"excerpt":{"rendered":"<p>amikor a &#8222;NAGYVASAK&#8221; mozg\u00e1sba j\u00f6nnek K\u00c9PEKKEL ILLUSZTR\u00c1LT POROGRAMJAINKAT A WWW.GOFORGO.UTAZAS.HU \u2013OLDALON TEKINTHETI MEG! Id\u0151pont&nbsp;&nbsp;&nbsp; :&nbsp; 2025. 08.29-30. Poz. sz\u00e1m: 25\/RLP\/09 &nbsp; \u00datvonal&nbsp; : Budapest \u2013 Lesany \u2013 Budapest&nbsp; \u00fatvonalon (kb:1200km) [&hellip;]<\/p>\n","protected":false},"author":1,"featured_media":0,"parent":0,"menu_order":0,"comment_status":"closed","ping_status":"closed","template":"","meta":{"footnotes":""},"_links":{"self":[{"href":"https:\/\/www.repulonapok.hu\/index.php?rest_route=\/wp\/v2\/pages\/3142"}],"collection":[{"href":"https:\/\/www.repulonapok.hu\/index.php?rest_route=\/wp\/v2\/pages"}],"about":[{"href":"https:\/\/www.repulonapok.hu\/index.php?rest_route=\/wp\/v2\/types\/page"}],"author":[{"embeddable":true,"href":"https:\/\/www.repulonapok.hu\/index.php?rest_route=\/wp\/v2\/users\/1"}],"replies":[{"embeddable":true,"href":"https:\/\/www.repulonapok.hu\/index.php?rest_route=%2Fwp%2Fv2%2Fcomments&post=3142"}],"version-history":[{"count":2,"href":"https:\/\/www.repulonapok.hu\/index.php?rest_route=\/wp\/v2\/pages\/3142\/revisions"}],"predecessor-version":[{"id":3147,"href":"https:\/\/www.repulonapok.hu\/index.php?rest_route=\/wp\/v2\/pages\/3142\/revisions\/3147"}],"wp:attachment":[{"href":"https:\/\/www.repulonapok.hu\/index.php?rest_route=%2Fwp%2Fv2%2Fmedia&parent=3142"}],"curies":[{"name":"wp","href":"https:\/\/api.w.org\/{rel}","templated":true}]}}

Páncélosok napja Lesanyban

<p class="has-large-font-size"><strong>amikor a &#8222;NAGYVASAK&#8221; mozgásba jönnek</strong></p>



<figure class="wp-block-image size-full"><a href="https://www.repulonapok.hu/wp-content/uploads/2025/03/Lesany-1.jpg"><img loading="lazy" decoding="async" width="900" height="356" src="https://www.repulonapok.hu/wp-content/uploads/2025/03/Lesany-1.jpg" alt="" class="wp-image-3143" srcset="https://www.repulonapok.hu/wp-content/uploads/2025/03/Lesany-1.jpg 900w, https://www.repulonapok.hu/wp-content/uploads/2025/03/Lesany-1-300x119.jpg 300w, https://www.repulonapok.hu/wp-content/uploads/2025/03/Lesany-1-768x304.jpg 768w" sizes="(max-width: 900px) 100vw, 900px" /></a></figure>



<p><strong><em>KÉPEKKEL ILLUSZTRÁLT POROGRAMJAINKAT A </em></strong><a href="http://www.goforgo.utazas.hu/"><strong><em>WWW.GOFORGO.UTAZAS.HU</em></strong></a><strong><em> –OLDALON TEKINTHETI MEG!</em></strong></p>



<figure class="wp-block-table"><table><tbody><tr><td><strong>Időpont&nbsp;&nbsp;&nbsp; :&nbsp;</strong></td><td colspan="2">2025. 08.29-30.</td><td colspan="2"><strong>Poz. szám:</strong></td><td colspan="2">25/RLP/09</td><td><strong>&nbsp;</strong></td></tr><tr><td colspan="8"><strong>Útvonal&nbsp; : </strong>Budapest – Lesany – Budapest&nbsp; útvonalon (kb:1200km)</td></tr><tr><td><strong>Utazás&nbsp;&nbsp;&nbsp; :</strong><strong></strong></td><td colspan="3"><strong>v</strong>az utaslétszámnak megfelelő autóbusszal</td><td colspan="2"><strong>Ellátás:</strong></td><td>önellátás</td><td><strong>&nbsp;</strong></td></tr><tr><td colspan="2"><strong>Szállás, elhelyezés :</strong></td><td colspan="5">1 éjszaka, Prágában, 2 ágyas szobákban <strong></strong></td><td><strong>&nbsp;</strong></td></tr><tr><td><strong>Időtartam:&nbsp;&nbsp;</strong></td><td colspan="2">2 nap/1 éjszaka</td><td colspan="2"><strong>Idegenvezetés:&nbsp;&nbsp;&nbsp;</strong></td><td colspan="2">csoportkísérőt biztosítunk</td><td><strong>&nbsp;</strong></td></tr><tr></tbody></table></figure>



<p><strong><u>PROGRAM:</u></strong><strong></strong></p>



<p><strong>1. nap: Felszállási lehetőségek:</strong></p>



<p>05:40&nbsp;&nbsp;&nbsp;&nbsp; Pestszentlőrinc, Üllői út 368. LIDL parkoló</p>



<p><strong>06:00&nbsp;&nbsp;&nbsp;&nbsp; Budapest, Ecseri út OMV benzinkút, belváros felé vezető oldal (Üllői út 110.)</strong></p>



<p>Folyamatos utazás, rövid pihenőkkel. Csehország fővárosába, Prágába érve délután 2 lehetőség közül választhatnak kedves utasaink:</p>



<p>&#8211; múzeumlátogatás: Prágai Hadtörténeti Múzeum</p>



<p>&#8211; Séta és sörözés a városban</p>



<p>Szállás Prágában. Itt 1 éjszakát töltünk.</p>


<div class="wp-block-image">
<figure class="aligncenter size-full is-resized"><a href="https://www.repulonapok.hu/wp-content/uploads/2025/03/cheshskye-pyvovarny-pov-siat-tsen-na-pyvo.jpg"><img loading="lazy" decoding="async" width="694" height="510" src="https://www.repulonapok.hu/wp-content/uploads/2025/03/cheshskye-pyvovarny-pov-siat-tsen-na-pyvo.jpg" alt="" class="wp-image-3144" style="width:440px;height:auto" srcset="https://www.repulonapok.hu/wp-content/uploads/2025/03/cheshskye-pyvovarny-pov-siat-tsen-na-pyvo.jpg 694w, https://www.repulonapok.hu/wp-content/uploads/2025/03/cheshskye-pyvovarny-pov-siat-tsen-na-pyvo-300x220.jpg 300w" sizes="(max-width: 694px) 100vw, 694px" /></a></figure></div>


<p><strong>2. nap:</strong> Reggel 7-kor indulás a szállodából Lesanyba. (kb. 60 km) Egésznapos részvétel a Lesany mellett található páncélos és harcjármű múzeum rendezvényén, melyen működés közben is megcsodálhatjuk az elmúlt évtizedek „acél monstrumjait”</p>



<p>&nbsp;&nbsp;&nbsp;&nbsp;&nbsp;&nbsp;&nbsp;&nbsp;&nbsp; 17:00 órakor indulás hazafelé. Érkezés Budapestre a késő esti órákban, leszállási lehetőség az autóbuszról, a felszállással megegyező helyeken.</p>



<h1 class="wp-block-heading has-text-align-center">Részvételi díj:&nbsp; 63 000Ft/fő</h1>



<p>info: https://www.vhu.cz/muzea/zakladni-informace-o-vtm-lesany/</p>



<p><strong><em><u>A részvételi díj tartalmazza</u></em></strong><strong><em>:</em></strong><em> a szállásköltséget, az autóbuszos utazás költségeit.</em></p>



<p><strong><em><u>A részvételi díj nem tartalmazza</u></em></strong><strong><em>:</em></strong><em> az étkezést, a belépőjegyeket, melyek a helyszínen fizetendők vagy előre az interneten megvásárolhatók és a BBP- biztosítást</em></p>

<p>amikor a &#8222;NAGYVASAK&#8221; mozgásba jönnek KÉPEKKEL ILLUSZTRÁLT POROGRAMJAINKAT A WWW.GOFORGO.UTAZAS.HU –OLDALON TEKINTHETI MEG! Időpont&nbsp;&nbsp;&nbsp; :&nbsp; 2025. 08.29-30. Poz. szám: 25/RLP/09 &nbsp; Útvonal&nbsp; : Budapest – Lesany – Budapest&nbsp; útvonalon (kb:1200km) [&hellip;]</p>
