{"id":1978,"date":"2019-02-24T12:14:50","date_gmt":"2019-02-24T11:14:50","guid":{"rendered":"http:\/\/www.repulonapok.hu\/?page_id=1978"},"modified":"2019-02-24T12:14:50","modified_gmt":"2019-02-24T11:14:50","slug":"luchtmachtdagen-nyilt-nap-a-hollandiai-volkel-legibazison","status":"publish","type":"page","link":"https:\/\/www.repulonapok.hu\/?page_id=1978","title":{"rendered":"Luchtmachtdagen \u2013 NY\u00cdLT NAP A HOLLANDIAI VOLKEL l\u00e9gib\u00e1zison"},"content":{"rendered":"<p class=\"western\" style=\"text-align: center;\"><a href=\"http:\/\/www.goforgo.hu\/index.php\/luchtmachtdagen-nyilt-nap-a-hollandiai-volkel-legibazison\/di5juspwsaan_ye\/\" rel=\"attachment wp-att-4762\"><img loading=\"lazy\" decoding=\"async\" class=\"alignnone size-large wp-image-4762\" src=\"http:\/\/www.goforgo.hu\/wp-content\/uploads\/2019\/02\/Di5JUSPWsAAN_yE-730x1024.jpg\" alt=\"Di5JUSPWsAAN_yE\" width=\"730\" height=\"1024\" \/><\/a><\/p>\n<p class=\"western\"><span style=\"font-size: medium;\"><b>Id\u0151pont : <\/b>2019. 06. 12 &#8211; 17.\u00a0\u00a0\u00a0\u00a0\u00a0\u00a0\u00a0\u00a0\u00a0\u00a0\u00a0\u00a0\u00a0\u00a0\u00a0\u00a0\u00a0\u00a0 <b>Poz. sz\u00e1m: <\/b>19\/RNL\/07<\/span><\/p>\n<p class=\"western\"><span style=\"color: #000000;\"><span style=\"font-size: medium;\"><b>Utaz\u00e1s:<\/b><\/span><\/span><span style=\"color: #000000;\"><span style=\"font-size: medium;\"> aut\u00f3busszal a Budapest <\/span><\/span><span style=\"color: #000000;\"><span style=\"font-size: medium;\">\u2013 Pozsony \u2013 Pr\u00e1ga \u2013 Drezda \u2013 Kassel \u2013 Dortmund \u2013 Volkel \u2013 Erp \u00e9s vissza<\/span><\/span><span style=\"color: #000000;\"><span style=\"font-size: medium;\"> (kb. 2 800 km)<\/span><\/span><\/p>\n<p class=\"western\"><span style=\"color: #000000;\"><b>Utaz\u00e1s : <\/b><\/span><span style=\"color: #000000;\"><span style=\"font-size: medium;\">az utasl\u00e9tsz\u00e1mnak megfelel\u0151 aut\u00f3busszal<\/span><\/span><\/p>\n<p class=\"western\"><span style=\"font-size: medium;\"><b>Ell\u00e1t\u00e1s: <\/b>\u00f6nell\u00e1t\u00f3<\/span><\/p>\n<p class=\"western\"><span style=\"font-size: medium;\"><b>Sz\u00e1ll\u00e1s, elhelyez\u00e9s : <\/b>2 \u00e9jszaka Volkel mellett, panzi\u00f3ban, 2 \u00e9s 4 \u00e1gyas szob\u00e1iban, 1 \u00e9j Venlo mellett<\/span><\/p>\n<p class=\"western\"><span style=\"font-size: medium;\"><b>Id\u0151tartam: <\/b>6 nap \/ 3 \u00e9jszaka<\/span><\/p>\n<p class=\"western\"><span style=\"font-size: medium;\"><b>Idegenvezet\u00e9s: <\/b>csoportk\u00eds\u00e9r\u0151<\/span><\/p>\n<p class=\"western\" style=\"text-align: center;\"><a href=\"http:\/\/www.goforgo.hu\/index.php\/luchtmachtdagen-nyilt-nap-a-hollandiai-volkel-legibazison\/luchtmachtdagen-2009\/\" rel=\"attachment wp-att-4763\"><img loading=\"lazy\" decoding=\"async\" class=\"alignnone wp-image-4763\" src=\"http:\/\/www.goforgo.hu\/wp-content\/uploads\/2019\/02\/Luchtmachtdagen-2009.jpg\" alt=\"Luchtmachtdagen 2009\" width=\"559\" height=\"384\" \/><\/a><\/p>\n<p class=\"western\" align=\"center\"><span style=\"font-size: large;\"><u><b>PROGRAM:<\/b><\/u><\/span><\/p>\n<p lang=\"hu-HU\" align=\"justify\"><span style=\"font-size: medium;\"><b>1. nap: Felsz\u00e1ll\u00e1si lehet\u0151s\u00e9gek:<\/b><\/span><\/p>\n<p class=\"western\" align=\"justify\"><span style=\"font-size: medium;\">19:00 Pestszentl\u0151rinc, \u00dcll\u0151i \u00fat 379-381. LIDL parkol\u00f3<\/span><\/p>\n<p class=\"western\" align=\"justify\"><span style=\"font-size: medium;\">19:30 Budapest, Ecseri \u00fat, OMV benzink\u00fat, befel\u00e9 vezet\u0151 oldal<\/span><\/p>\n<p class=\"western\" align=\"justify\"><span style=\"font-size: medium;\">Utaz\u00e1s r\u00f6videbb pihen\u0151vel, \u00e9jszaka a buszon.<\/span><\/p>\n<p class=\"western\" align=\"justify\"><a href=\"http:\/\/www.goforgo.hu\/index.php\/luchtmachtdagen-nyilt-nap-a-hollandiai-volkel-legibazison\/a-19\/\" rel=\"attachment wp-att-4764\"><img loading=\"lazy\" decoding=\"async\" class=\"wp-image-4764 aligncenter\" src=\"http:\/\/www.goforgo.hu\/wp-content\/uploads\/2019\/02\/a-19-1024x683.jpg\" alt=\"a (19)\" width=\"699\" height=\"466\" \/><\/a><\/p>\n<p class=\"western\" align=\"justify\"><span style=\"color: #000000;\"><span style=\"font-size: medium;\"><b>2. nap:<\/b><\/span><\/span><span style=\"color: #000000;\"><span style=\"font-size: medium;\"> D\u00e9lut\u00e1n \u00e9rkez\u00e9s a Volkelt\u0151l mind\u00f6ssze 10 km-re tal\u00e1lhat\u00f3 sz\u00e1ll\u00e1shely\u00fcnkre, ahol 2 \u00e9jszak\u00e1t t\u00f6lt\u00fcnk (1300 km)<\/span><\/span><\/p>\n<p class=\"western\" align=\"justify\"><span style=\"color: #000000;\"><span style=\"font-size: medium;\"><b>3. nap:<\/b><\/span><\/span> <span style=\"color: #000000;\"><span style=\"font-size: medium;\">Az eg\u00e9sz napot a Holland Kir\u00e1lyi L\u00e9gier\u0151 volkeli b\u00e1zis\u00e1nak ny\u00edlt napj\u00e1n t\u00f6ltj\u00fck.<\/span><\/span><\/p>\n<p class=\"western\" align=\"center\"><span style=\"color: #000000;\"><span style=\"font-size: medium;\"><b>Info: <\/b><\/span><\/span><span style=\"color: #0000ff;\"><u><a class=\"western\" href=\"https:\/\/www.defensie.nl\/onderwerpen\/luchtmachtdagen\"><span style=\"color: #000000;\"><span style=\"font-size: medium;\"><b>https:\/\/www.defensie.nl\/onderwerpen\/luchtmachtdagen<\/b><\/span><\/span><\/a><\/u><\/span><b> <\/b><span style=\"color: #000000;\"><span style=\"font-size: medium;\">, bel\u00e9p\u00e9s ingyenes (25 km)<\/span><\/span><\/p>\n<p class=\"western\" align=\"center\"><a href=\"http:\/\/www.goforgo.hu\/index.php\/luchtmachtdagen-nyilt-nap-a-hollandiai-volkel-legibazison\/a-75\/\" rel=\"attachment wp-att-4765\"><img loading=\"lazy\" decoding=\"async\" class=\"alignnone wp-image-4765\" src=\"http:\/\/www.goforgo.hu\/wp-content\/uploads\/2019\/02\/a-75-1024x683.jpg\" alt=\"a (75)\" width=\"700\" height=\"467\" \/><\/a><\/p>\n<p class=\"western\" align=\"justify\"><span style=\"color: #000000;\"><span style=\"font-size: medium;\"><b>4. nap:<\/b><\/span><\/span> <span style=\"color: #000000;\"><span style=\"font-size: medium;\">Reggel bepakol\u00e1s a buszba, majd a l\u00e9gib\u00e1zis m\u00e1sodik ny\u00edlt napj\u00e1ra megy\u00fcnk. 18:00-kor indul\u00e1s a hazafel\u00e9 vezet\u0151 \u00faton, N\u00e9metorsz\u00e1g fel\u00e9. Tranzitsz\u00e1ll\u00e1sunk m\u00e9g a hollandiai Velo k\u00f6rny\u00e9k\u00e9n lesz. (80 km)<\/span><\/span><\/p>\n<p class=\"western\" align=\"justify\"><a href=\"http:\/\/www.goforgo.hu\/index.php\/luchtmachtdagen-nyilt-nap-a-hollandiai-volkel-legibazison\/big_0006084367\/\" rel=\"attachment wp-att-4766\"><img loading=\"lazy\" decoding=\"async\" class=\" wp-image-4766 aligncenter\" src=\"http:\/\/www.goforgo.hu\/wp-content\/uploads\/2019\/02\/BIG_0006084367.jpg\" alt=\"BIG_0006084367\" width=\"700\" height=\"588\" \/><\/a><\/p>\n<p class=\"western\" align=\"justify\"><span style=\"color: #000000;\"><span style=\"font-size: medium;\"><b>5. nap:<\/b><\/span><\/span><span style=\"color: #000000;\"><span style=\"font-size: medium;\"> D\u00e9lel\u0151tt, m\u00e9g hazaindul\u00e1s el\u0151tt megn\u00e9zz\u00fck Baarl\u00f3ban egy \u00e9rdekes kis rep\u00fcl\u0151g\u00e9p gy\u0171jtem\u00e9nyt. (Figyelem! Ez a program csak abban az esetben lehets\u00e9ges, ha a m\u00fazeum elfogadja el\u0151zetes jelentkez\u00e9s\u00fcnket! Csak \u00edgy l\u00e1togathat\u00f3.) A tov\u00e1bbiakban ez a nap a hazautaz\u00e1ssal telik. \u00c9jszaka a buszon.<\/span><\/span><\/p>\n<p class=\"western\" align=\"justify\"><span style=\"color: #000000;\"><span style=\"font-size: medium;\"><b>6. nap:<\/b><\/span><\/span><span style=\"color: #000000;\"><span style=\"font-size: medium;\"> \u00c9rkez\u00e9s Budapestre a reggeli \u00f3r\u00e1kban. Lesz\u00e1ll\u00e1si lehet\u0151s\u00e9g a felsz\u00e1ll\u00e1ssal megegyez\u0151 helyeken.<\/span><\/span><\/p>\n<p align=\"center\"><span style=\"font-size: x-large;\"><b>R\u00e9szv\u00e9teli d\u00edj: 79 000 Ft\/f\u0151<\/b><\/span><\/p>\n<p class=\"western\" align=\"justify\"><b>A r\u00e9szv\u00e9teli d\u00edj tartalmazza:<\/b> a 2 \u00e9jszakai sz\u00e1ll\u00e1st, az aut\u00f3buszos utaz\u00e1st \u00e9s a csoportk\u00eds\u00e9r\u00e9st<\/p>\n<p class=\"western\" align=\"justify\"><b>A r\u00e9szv\u00e9teli d\u00edj nem tartalmazza:<\/b><\/p>\n<p class=\"western\" align=\"justify\">a bel\u00e9p\u0151jegyeket \u00e9s a baleset-, betegs\u00e9g-, poggy\u00e1szbiztos\u00edt\u00e1st (500 Ft\/f\u0151\/nap, 70 \u00e9ves kor felett 100% fel\u00e1r)<\/p>\n<p class=\"western\" style=\"text-align: center;\" align=\"justify\"><a href=\"http:\/\/www.goforgo.hu\/index.php\/luchtmachtdagen-nyilt-nap-a-hollandiai-volkel-legibazison\/big_0006084401\/\" rel=\"attachment wp-att-4767\"><img loading=\"lazy\" decoding=\"async\" class=\"alignnone wp-image-4767\" src=\"http:\/\/www.goforgo.hu\/wp-content\/uploads\/2019\/02\/BIG_0006084401.jpg\" alt=\"BIG_0006084401\" width=\"699\" height=\"429\" \/><\/a><\/p>\n","protected":false},"excerpt":{"rendered":"<p>Id\u0151pont : 2019. 06. 12 &#8211; 17.\u00a0\u00a0\u00a0\u00a0\u00a0\u00a0\u00a0\u00a0\u00a0\u00a0\u00a0\u00a0\u00a0\u00a0\u00a0\u00a0\u00a0\u00a0 Poz. sz\u00e1m: 19\/RNL\/07 Utaz\u00e1s: aut\u00f3busszal a Budapest \u2013 Pozsony \u2013 Pr\u00e1ga \u2013 Drezda \u2013 Kassel \u2013 Dortmund \u2013 Volkel \u2013 Erp \u00e9s vissza [&hellip;]<\/p>\n","protected":false},"author":1,"featured_media":0,"parent":0,"menu_order":0,"comment_status":"closed","ping_status":"closed","template":"","meta":{"footnotes":""},"_links":{"self":[{"href":"https:\/\/www.repulonapok.hu\/index.php?rest_route=\/wp\/v2\/pages\/1978"}],"collection":[{"href":"https:\/\/www.repulonapok.hu\/index.php?rest_route=\/wp\/v2\/pages"}],"about":[{"href":"https:\/\/www.repulonapok.hu\/index.php?rest_route=\/wp\/v2\/types\/page"}],"author":[{"embeddable":true,"href":"https:\/\/www.repulonapok.hu\/index.php?rest_route=\/wp\/v2\/users\/1"}],"replies":[{"embeddable":true,"href":"https:\/\/www.repulonapok.hu\/index.php?rest_route=%2Fwp%2Fv2%2Fcomments&post=1978"}],"version-history":[{"count":1,"href":"https:\/\/www.repulonapok.hu\/index.php?rest_route=\/wp\/v2\/pages\/1978\/revisions"}],"predecessor-version":[{"id":1989,"href":"https:\/\/www.repulonapok.hu\/index.php?rest_route=\/wp\/v2\/pages\/1978\/revisions\/1989"}],"wp:attachment":[{"href":"https:\/\/www.repulonapok.hu\/index.php?rest_route=%2Fwp%2Fv2%2Fmedia&parent=1978"}],"curies":[{"name":"wp","href":"https:\/\/api.w.org\/{rel}","templated":true}]}}

Luchtmachtdagen – NYÍLT NAP A HOLLANDIAI VOLKEL légibázison

<p class="western" style="text-align: center;"><a href="http://www.goforgo.hu/index.php/luchtmachtdagen-nyilt-nap-a-hollandiai-volkel-legibazison/di5juspwsaan_ye/" rel="attachment wp-att-4762"><img loading="lazy" decoding="async" class="alignnone size-large wp-image-4762" src="http://www.goforgo.hu/wp-content/uploads/2019/02/Di5JUSPWsAAN_yE-730x1024.jpg" alt="Di5JUSPWsAAN_yE" width="730" height="1024" /></a></p>
<p class="western"><span style="font-size: medium;"><b>Időpont : </b>2019. 06. 12 &#8211; 17.                   <b>Poz. szám: </b>19/RNL/07</span></p>
<p class="western"><span style="color: #000000;"><span style="font-size: medium;"><b>Utazás:</b></span></span><span style="color: #000000;"><span style="font-size: medium;"> autóbusszal a Budapest </span></span><span style="color: #000000;"><span style="font-size: medium;">– Pozsony – Prága – Drezda – Kassel – Dortmund – Volkel – Erp és vissza</span></span><span style="color: #000000;"><span style="font-size: medium;"> (kb. 2 800 km)</span></span></p>
<p class="western"><span style="color: #000000;"><b>Utazás : </b></span><span style="color: #000000;"><span style="font-size: medium;">az utaslétszámnak megfelelő autóbusszal</span></span></p>
<p class="western"><span style="font-size: medium;"><b>Ellátás: </b>önellátó</span></p>
<p class="western"><span style="font-size: medium;"><b>Szállás, elhelyezés : </b>2 éjszaka Volkel mellett, panzióban, 2 és 4 ágyas szobáiban, 1 éj Venlo mellett</span></p>
<p class="western"><span style="font-size: medium;"><b>Időtartam: </b>6 nap / 3 éjszaka</span></p>
<p class="western"><span style="font-size: medium;"><b>Idegenvezetés: </b>csoportkísérő</span></p>
<p class="western" style="text-align: center;"><a href="http://www.goforgo.hu/index.php/luchtmachtdagen-nyilt-nap-a-hollandiai-volkel-legibazison/luchtmachtdagen-2009/" rel="attachment wp-att-4763"><img loading="lazy" decoding="async" class="alignnone wp-image-4763" src="http://www.goforgo.hu/wp-content/uploads/2019/02/Luchtmachtdagen-2009.jpg" alt="Luchtmachtdagen 2009" width="559" height="384" /></a></p>
<p class="western" align="center"><span style="font-size: large;"><u><b>PROGRAM:</b></u></span></p>
<p lang="hu-HU" align="justify"><span style="font-size: medium;"><b>1. nap: Felszállási lehetőségek:</b></span></p>
<p class="western" align="justify"><span style="font-size: medium;">19:00 Pestszentlőrinc, Üllői út 379-381. LIDL parkoló</span></p>
<p class="western" align="justify"><span style="font-size: medium;">19:30 Budapest, Ecseri út, OMV benzinkút, befelé vezető oldal</span></p>
<p class="western" align="justify"><span style="font-size: medium;">Utazás rövidebb pihenővel, éjszaka a buszon.</span></p>
<p class="western" align="justify"><a href="http://www.goforgo.hu/index.php/luchtmachtdagen-nyilt-nap-a-hollandiai-volkel-legibazison/a-19/" rel="attachment wp-att-4764"><img loading="lazy" decoding="async" class="wp-image-4764 aligncenter" src="http://www.goforgo.hu/wp-content/uploads/2019/02/a-19-1024x683.jpg" alt="a (19)" width="699" height="466" /></a></p>
<p class="western" align="justify"><span style="color: #000000;"><span style="font-size: medium;"><b>2. nap:</b></span></span><span style="color: #000000;"><span style="font-size: medium;"> Délután érkezés a Volkeltől mindössze 10 km-re található szálláshelyünkre, ahol 2 éjszakát töltünk (1300 km)</span></span></p>
<p class="western" align="justify"><span style="color: #000000;"><span style="font-size: medium;"><b>3. nap:</b></span></span> <span style="color: #000000;"><span style="font-size: medium;">Az egész napot a Holland Királyi Légierő volkeli bázisának nyílt napján töltjük.</span></span></p>
<p class="western" align="center"><span style="color: #000000;"><span style="font-size: medium;"><b>Info: </b></span></span><span style="color: #0000ff;"><u><a class="western" href="https://www.defensie.nl/onderwerpen/luchtmachtdagen"><span style="color: #000000;"><span style="font-size: medium;"><b>https://www.defensie.nl/onderwerpen/luchtmachtdagen</b></span></span></a></u></span><b> </b><span style="color: #000000;"><span style="font-size: medium;">, belépés ingyenes (25 km)</span></span></p>
<p class="western" align="center"><a href="http://www.goforgo.hu/index.php/luchtmachtdagen-nyilt-nap-a-hollandiai-volkel-legibazison/a-75/" rel="attachment wp-att-4765"><img loading="lazy" decoding="async" class="alignnone wp-image-4765" src="http://www.goforgo.hu/wp-content/uploads/2019/02/a-75-1024x683.jpg" alt="a (75)" width="700" height="467" /></a></p>
<p class="western" align="justify"><span style="color: #000000;"><span style="font-size: medium;"><b>4. nap:</b></span></span> <span style="color: #000000;"><span style="font-size: medium;">Reggel bepakolás a buszba, majd a légibázis második nyílt napjára megyünk. 18:00-kor indulás a hazafelé vezető úton, Németország felé. Tranzitszállásunk még a hollandiai Velo környékén lesz. (80 km)</span></span></p>
<p class="western" align="justify"><a href="http://www.goforgo.hu/index.php/luchtmachtdagen-nyilt-nap-a-hollandiai-volkel-legibazison/big_0006084367/" rel="attachment wp-att-4766"><img loading="lazy" decoding="async" class=" wp-image-4766 aligncenter" src="http://www.goforgo.hu/wp-content/uploads/2019/02/BIG_0006084367.jpg" alt="BIG_0006084367" width="700" height="588" /></a></p>
<p class="western" align="justify"><span style="color: #000000;"><span style="font-size: medium;"><b>5. nap:</b></span></span><span style="color: #000000;"><span style="font-size: medium;"> Délelőtt, még hazaindulás előtt megnézzük Baarlóban egy érdekes kis repülőgép gyűjteményt. (Figyelem! Ez a program csak abban az esetben lehetséges, ha a múzeum elfogadja előzetes jelentkezésünket! Csak így látogatható.) A továbbiakban ez a nap a hazautazással telik. Éjszaka a buszon.</span></span></p>
<p class="western" align="justify"><span style="color: #000000;"><span style="font-size: medium;"><b>6. nap:</b></span></span><span style="color: #000000;"><span style="font-size: medium;"> Érkezés Budapestre a reggeli órákban. Leszállási lehetőség a felszállással megegyező helyeken.</span></span></p>
<p align="center"><span style="font-size: x-large;"><b>Részvételi díj: 79 000 Ft/fő</b></span></p>
<p class="western" align="justify"><b>A részvételi díj tartalmazza:</b> a 2 éjszakai szállást, az autóbuszos utazást és a csoportkísérést</p>
<p class="western" align="justify"><b>A részvételi díj nem tartalmazza:</b></p>
<p class="western" align="justify">a belépőjegyeket és a baleset-, betegség-, poggyászbiztosítást (500 Ft/fő/nap, 70 éves kor felett 100% felár)</p>
<p class="western" style="text-align: center;" align="justify"><a href="http://www.goforgo.hu/index.php/luchtmachtdagen-nyilt-nap-a-hollandiai-volkel-legibazison/big_0006084401/" rel="attachment wp-att-4767"><img loading="lazy" decoding="async" class="alignnone wp-image-4767" src="http://www.goforgo.hu/wp-content/uploads/2019/02/BIG_0006084401.jpg" alt="BIG_0006084401" width="699" height="429" /></a></p>

<p>Időpont : 2019. 06. 12 &#8211; 17.                   Poz. szám: 19/RNL/07 Utazás: autóbusszal a Budapest – Pozsony – Prága – Drezda – Kassel – Dortmund – Volkel – Erp és vissza [&hellip;]</p>
