{"id":1791,"date":"2018-09-26T19:43:49","date_gmt":"2018-09-26T18:43:49","guid":{"rendered":"http:\/\/www.repulonapok.hu\/?page_id=1791"},"modified":"2019-01-22T19:45:01","modified_gmt":"2019-01-22T18:45:01","slug":"u-s-air-tour-2019","status":"publish","type":"page","link":"https:\/\/www.repulonapok.hu\/?page_id=1791","title":{"rendered":"U.S. &#8211;  AIR TOUR 2019"},"content":{"rendered":"<div class=\"\" data-block=\"true\" data-editor=\"fml7g\" data-offset-key=\"2eeqg-0-0\">\n<div class=\"_1mf _1mj\" data-offset-key=\"2eeqg-0-0\"><span data-offset-key=\"2eeqg-0-0\"><span data-text=\"true\">\u00a0<\/span><\/span><\/div>\n<\/div>\n<div class=\"\" data-block=\"true\" data-editor=\"fml7g\" data-offset-key=\"22ppb-0-0\">\n<div class=\"_1mf _1mj\" data-offset-key=\"22ppb-0-0\"><span data-offset-key=\"22ppb-0-0\">\u00a0<\/span><\/div>\n<\/div>\n<div class=\"\" data-block=\"true\" data-editor=\"fml7g\" data-offset-key=\"7u75d-0-0\">\n<div class=\"_1mf _1mj\" data-offset-key=\"7u75d-0-0\"><span data-offset-key=\"7u75d-0-0\"><span data-text=\"true\">Szervezz\u00fck a 2019-es USA AIRTOUR utunkat \u00e9s a tavalyi el\u0151zetesre val\u00f3 jelentkez\u00e9sek alapj\u00e1n \u00e1t kell szervezni az utaz\u00e1sunkat.<\/span><\/span><\/div>\n<\/div>\n<div class=\"\" data-block=\"true\" data-editor=\"fml7g\" data-offset-key=\"3sf1u-0-0\">\n<h2 class=\"_1mf _1mj\" style=\"text-align: center;\" data-offset-key=\"3sf1u-0-0\"><span style=\"color: #ff0000;\"><strong><span data-offset-key=\"3sf1u-0-0\"><span data-text=\"true\">Ahhoz, hogy l\u00e1ssuk a pontos l\u00e9tsz\u00e1mot, arra k\u00e9rj\u00fck a jelentkez\u0151ket, hogy ig\u00e9nyelj\u00e9k meg az USA ESTA &#8222;v\u00edzumot&#8221; on-line, szem\u00e9lyesen.<\/span><\/span><\/strong><\/span><\/h2>\n<\/div>\n<div class=\"\" data-block=\"true\" data-editor=\"fml7g\" data-offset-key=\"4gfhp-0-0\">\n<div class=\"_1mf _1mj\" data-offset-key=\"4gfhp-0-0\"><span data-offset-key=\"4gfhp-0-0\">\u00a0<\/span><\/div>\n<\/div>\n<div class=\"\" data-block=\"true\" data-editor=\"fml7g\" data-offset-key=\"d4ukh-0-0\">\n<div class=\"_1mf _1mj\" data-offset-key=\"d4ukh-0-0\"><span data-offset-key=\"d4ukh-0-0\"><span data-text=\"true\">Ehhez ezen a honlapon l\u00e9v\u0151 k\u00e9rd\u0151\u00edvet kell kit\u00f6lteni:<\/span><\/span><\/div>\n<\/div>\n<div class=\"\" data-block=\"true\" data-editor=\"fml7g\" data-offset-key=\"70ctf-0-0\">\n<div class=\"_1mf _1mj\" data-offset-key=\"70ctf-0-0\"><span data-offset-key=\"70ctf-0-0\">\u00a0<\/span><\/div>\n<\/div>\n<div class=\"\" data-block=\"true\" data-editor=\"fml7g\" data-offset-key=\"8js6k-0-0\">\n<div class=\"_1mf _1mj\" data-offset-key=\"8js6k-0-0\"><span data-offset-key=\"8js6k-0-0\"><span data-text=\"true\"><a href=\"https:\/\/esta.cbp.dhs.gov\/esta\/application.html?execution=e1s1\">https:\/\/esta.cbp.dhs.gov\/esta\/application.html?execution=e1s1<\/a><\/span><\/span><\/div>\n<\/div>\n<div class=\"\" data-block=\"true\" data-editor=\"fml7g\" data-offset-key=\"b03ls-0-0\">\n<div class=\"_1mf _1mj\" data-offset-key=\"b03ls-0-0\"><span data-offset-key=\"b03ls-0-0\">\u00a0<\/span><\/div>\n<\/div>\n<div class=\"\" data-block=\"true\" data-editor=\"fml7g\" data-offset-key=\"ckrte-0-0\">\n<div class=\"_1mf _1mj\" data-offset-key=\"ckrte-0-0\"><span data-offset-key=\"ckrte-0-0\"><span data-text=\"true\">(jobb fels\u0151 sarokban \u00e1t lehet \u00e1ll\u00edtani magyar nyelv\u0171re)<\/span><\/span><\/div>\n<\/div>\n<div class=\"\" data-block=\"true\" data-editor=\"fml7g\" data-offset-key=\"5i7j7-0-0\">\n<div class=\"_1mf _1mj\" data-offset-key=\"5i7j7-0-0\"><span data-offset-key=\"5i7j7-0-0\">\u00a0<\/span><\/div>\n<\/div>\n<div class=\"\" data-block=\"true\" data-editor=\"fml7g\" data-offset-key=\"2dpl-0-0\">\n<div class=\"_1mf _1mj\" data-offset-key=\"2dpl-0-0\"><span data-offset-key=\"2dpl-0-0\"><span data-text=\"true\">Amennyiben seg\u00edts\u00e9gre van sz\u00fcks\u00e9getek, jelezz\u00e9tek fel\u00e9nk!<\/span><\/span><\/div>\n<\/div>\n<div class=\"\" data-block=\"true\" data-editor=\"fml7g\" data-offset-key=\"2ptr2-0-0\">\n<div class=\"_1mf _1mj\" data-offset-key=\"2ptr2-0-0\"><span data-offset-key=\"2ptr2-0-0\">\u00a0<\/span><\/div>\n<\/div>\n<div class=\"\" data-block=\"true\" data-editor=\"fml7g\" data-offset-key=\"9ehsd-0-0\">\n<div class=\"_1mf _1mj\" data-offset-key=\"9ehsd-0-0\"><span data-offset-key=\"9ehsd-0-0\"><span data-text=\"true\">Ha megkapt\u00e1tok az ESTA visszaigazol\u00e1s\u00e1t, azt tov\u00e1bb\u00edts\u00e1tok sz\u00e1munkra!<\/span><\/span><\/div>\n<\/div>\n<div class=\"\" data-block=\"true\" data-editor=\"fml7g\" data-offset-key=\"3o7mb-0-0\">\n<div class=\"_1mf _1mj\" data-offset-key=\"3o7mb-0-0\"><span data-offset-key=\"3o7mb-0-0\">\u00a0<\/span><\/div>\n<\/div>\n<div class=\"\" data-block=\"true\" data-editor=\"fml7g\" data-offset-key=\"54hm9-0-0\">\n<h2 class=\"_1mf _1mj\" style=\"text-align: center;\" data-offset-key=\"54hm9-0-0\"><strong><span style=\"color: #ff0000;\" data-offset-key=\"54hm9-0-0\"><span data-text=\"true\">K\u00e9rj\u00fck, hogy ezt a h\u00e9ten <\/span><\/span><\/strong><\/h2>\n<h1 class=\"_1mf _1mj\" style=\"text-align: center;\" data-offset-key=\"54hm9-0-0\"><strong><span style=\"color: #ff0000;\" data-offset-key=\"54hm9-0-0\"><span data-text=\"true\">(2019.01.14-ig) <\/span><\/span><\/strong><\/h1>\n<h2 class=\"_1mf _1mj\" style=\"text-align: center;\" data-offset-key=\"54hm9-0-0\"><strong><span style=\"color: #ff0000;\" data-offset-key=\"54hm9-0-0\"><span data-text=\"true\">tegy\u00e9tek meg, hogy l\u00e1ssuk h\u00e1ny f\u0151vel sz\u00e1molhatunk \u00e9s az alapj\u00e1n tudjunk tov\u00e1bb l\u00e9pni!<\/span><\/span><\/strong><\/h2>\n<\/div>\n<p><a href=\"http:\/\/www.goforgo.hu\/index.php\/u-s-air-tour-2019\/usa-2019\/\" rel=\"attachment wp-att-4362\"><img loading=\"lazy\" decoding=\"async\" class=\"wp-image-4362 aligncenter\" src=\"http:\/\/www.goforgo.hu\/wp-content\/uploads\/2018\/09\/USA-2019-1024x725.jpg\" alt=\"USA 2019\" width=\"697\" height=\"494\" \/><\/a><\/p>\n<h2>Id\u0151pont : 2019.07.26 \u2013 08.05.<\/h2>\n<p><b>Utaz\u00e1s: <\/b>Rep\u00fcl\u0151 + kis busz<br \/>\n<b>Sz\u00e1ll\u00e1s, elhelyez\u00e9s: <\/b>egyszer\u0171, motelek, 2 \u00e1gyas szob\u00e1kban<br \/>\n<strong>Ell\u00e1t\u00e1s:<\/strong> reggeli<\/p>\n<p><b>Id\u0151tartam: 11 nap<br \/>\n<\/b><br \/>\n<b>Idegenvezet\u00e9s: <\/b>csoport k\u00eds\u00e9r\u0151t biztos\u00edtunk<\/p>\n<p class=\"western\" align=\"center\"><span style=\"font-size: large;\"><u><b>PROGRAM TERVEZET:<\/b><\/u><\/span><\/p>\n<p class=\"western\" align=\"justify\"><span style=\"font-size: medium;\"><b>1. nap (j\u00falius 26.):<\/b> Elutaz\u00e1s rep\u00fcl\u0151g\u00e9ppel Budapestr\u0151l az Amerikai Egyes\u00fclt \u00c1llamokba. \u00c9rkez\u00e9s a chicag\u00f3i rep\u00fcl\u0151t\u00e9rre. A b\u00e9raut\u00f3k felv\u00e9tele ut\u00e1n az Oshkosh k\u00f6rny\u00e9ki sz\u00e1ll\u00e1s hely\u00fcnkre utazunk. (kb 380 km)<\/span><\/p>\n<p class=\"western\" align=\"justify\"><span style=\"font-size: medium;\"><a href=\"https:\/\/www.repulonapok.hu\/wp-content\/uploads\/2018\/09\/maxresdefault-3.jpg\"><img loading=\"lazy\" decoding=\"async\" class=\"aligncenter wp-image-1798\" src=\"https:\/\/www.repulonapok.hu\/wp-content\/uploads\/2018\/09\/maxresdefault-3.jpg\" alt=\"maxresdefault 3\" width=\"703\" height=\"395\" srcset=\"https:\/\/www.repulonapok.hu\/wp-content\/uploads\/2018\/09\/maxresdefault-3.jpg 1280w, https:\/\/www.repulonapok.hu\/wp-content\/uploads\/2018\/09\/maxresdefault-3-300x169.jpg 300w, https:\/\/www.repulonapok.hu\/wp-content\/uploads\/2018\/09\/maxresdefault-3-1024x576.jpg 1024w\" sizes=\"(max-width: 703px) 100vw, 703px\" \/><\/a><\/span><\/p>\n<p class=\"western\" align=\"justify\"><span style=\"font-size: medium;\"><b>2. nap (j\u00falius 27.): <\/b> Az eg\u00e9sz napot az oshkoshi Wittman rep\u00fcl\u0151t\u00e9ren megrendez\u00e9sre ker\u00fcl\u0151 AIRVENTURA nev\u0171 rendezv\u00e9nyen t\u00f6ltj\u00fck, melyet a vil\u00e1g legnagyobb szab\u00e1s\u00fa AIR SHOW-jak\u00e9nt tartanak sz\u00e1mon.<\/span><\/p>\n<p class=\"western\" align=\"justify\"><span style=\"font-size: medium;\"> Info: <span style=\"color: #0000ff;\"><u><a class=\"western\" href=\"https:\/\/www.eaa.org\/en\/airventure\">https:\/\/www.eaa.org\/en\/airventure<\/a><\/u><\/span><span style=\"font-size: medium;\">, bel\u00e9p\u0151 (2018-as k\u00e9t napos jegy): 80 doll\u00e1r<br \/>\n<\/span><\/span><\/p>\n<p class=\"western\" align=\"justify\"><a href=\"https:\/\/www.repulonapok.hu\/wp-content\/uploads\/2018\/09\/maxresdefault.jpg\"><img loading=\"lazy\" decoding=\"async\" class=\"aligncenter wp-image-1797\" src=\"https:\/\/www.repulonapok.hu\/wp-content\/uploads\/2018\/09\/maxresdefault.jpg\" alt=\"maxresdefault\" width=\"700\" height=\"466\" srcset=\"https:\/\/www.repulonapok.hu\/wp-content\/uploads\/2018\/09\/maxresdefault.jpg 2048w, https:\/\/www.repulonapok.hu\/wp-content\/uploads\/2018\/09\/maxresdefault-300x200.jpg 300w, https:\/\/www.repulonapok.hu\/wp-content\/uploads\/2018\/09\/maxresdefault-1024x683.jpg 1024w\" sizes=\"(max-width: 700px) 100vw, 700px\" \/><\/a><\/p>\n<p class=\"western\" align=\"justify\"><span style=\"font-size: medium;\"><b>3. nap (j\u00falius 28.): <\/b> Az eg\u00e9sz napot az oshkoshi Wittman rep\u00fcl\u0151t\u00e9ren megrendez\u00e9sre ker\u00fcl\u0151 AIRVENTURA nev\u0171 rendezv\u00e9nyen t\u00f6ltj\u00fck.<\/span><\/p>\n<p class=\"western\" align=\"justify\"><span style=\"font-size: medium;\"><b>4. nap (j\u00falius 29.): <\/b> Ez a nap utaz\u00e1ssal telik: Oshkosh \u2013 Dayton kb. 800 km.<\/span><\/p>\n<p class=\"western\" align=\"justify\"><span style=\"font-size: medium;\"><b>5. nap (j\u00falius 30.): <\/b> A napot a Wright-Patterson Air Force Base-en tal\u00e1lhat\u00f3 rep\u00fcl\u0151g\u00e9p m\u00fazeumban, a U.S.A.F. k\u00f6zponti m\u00fazeum\u00e1ban (National Museum of the United States Air Force) t\u00f6ltj\u00fck, mely az Egyes\u00fclt \u00c1llamok legnagyobb ilyen jelleg\u0171 int\u00e9zm\u00e9nye. (kb. 100 km ezen a napon) info:<span style=\"color: #0000ff;\"><u><a class=\"western\" href=\"https:\/\/www.nationalmuseum.af.mil\/\">https:\/\/www.nationalmuseum.af.mil\/<\/a><\/u><\/span><span style=\"font-size: medium;\">, bel\u00e9p\u0151: a m\u00fazeum l\u00e1togat\u00e1sa ingyenes. Utaz\u00e1s a sz\u00e1ll\u00e1sunkra, Colombus k\u00f6rny\u00e9k\u00e9re.<\/span><br \/>\n<a href=\"https:\/\/www.repulonapok.hu\/wp-content\/uploads\/2018\/09\/mil7.png\"><img loading=\"lazy\" decoding=\"async\" class=\"aligncenter wp-image-1799\" src=\"https:\/\/www.repulonapok.hu\/wp-content\/uploads\/2018\/09\/mil7.png\" alt=\"mil7\" width=\"700\" height=\"416\" srcset=\"https:\/\/www.repulonapok.hu\/wp-content\/uploads\/2018\/09\/mil7.png 606w, https:\/\/www.repulonapok.hu\/wp-content\/uploads\/2018\/09\/mil7-300x178.png 300w\" sizes=\"(max-width: 700px) 100vw, 700px\" \/><\/a><\/span><\/p>\n<p class=\"western\" align=\"justify\"><span style=\"font-size: medium;\"><b>6. nap (j\u00falius 31.): <\/b> Ez a nap is j\u00f3r\u00e9szt utaz\u00e1ssal telik el. Colombusb\u00f3l \u00e9szak-keleti ir\u00e1nyba indulunk a Nagy-Tavak vid\u00e9k\u00e9re, a Niagara-v\u00edzes\u00e9s k\u00f6rny\u00e9k\u00e9re. (kb. 750 km) Sz\u00e1ll\u00e1s a v\u00edzes\u00e9sn\u00e9l.<\/span><\/p>\n<p class=\"western\" align=\"justify\"><a href=\"https:\/\/www.repulonapok.hu\/wp-content\/uploads\/2018\/09\/niagara.jpg\"><img loading=\"lazy\" decoding=\"async\" class=\"aligncenter wp-image-1793\" src=\"https:\/\/www.repulonapok.hu\/wp-content\/uploads\/2018\/09\/niagara.jpg\" alt=\"niagara\" width=\"700\" height=\"525\" srcset=\"https:\/\/www.repulonapok.hu\/wp-content\/uploads\/2018\/09\/niagara.jpg 1280w, https:\/\/www.repulonapok.hu\/wp-content\/uploads\/2018\/09\/niagara-300x225.jpg 300w, https:\/\/www.repulonapok.hu\/wp-content\/uploads\/2018\/09\/niagara-1024x768.jpg 1024w\" sizes=\"(max-width: 700px) 100vw, 700px\" \/><\/a><\/p>\n<p class=\"western\" align=\"justify\"><span style=\"font-size: medium;\"><b>7. nap (augusztus 1.):<\/b> A d\u00e9lel\u0151tti \u00f3r\u00e1kban megn\u00e9zz\u00fck a Niagara v\u00edzes\u00e9st \u00e9s k\u00f6rny\u00e9k\u00e9t, majd kora d\u00e9lut\u00e1n kimegy\u00fcnk a k\u00f6zeli Buffalo rep\u00fcl\u0151t\u00e9rre \u00e9s Washingtonba rep\u00fcl\u00fcnk. Sz\u00e1ll\u00e1s Washingtonban, ahol 2 \u00e9jszak\u00e1t t\u00f6lt\u00fcnk.<br \/>\n<\/span><\/p>\n<p class=\"western\" align=\"justify\"><span style=\"font-size: medium;\"><b>8. nap (augusztus 2.):<\/b> D\u00e9lel\u0151tt Washingtonba utazunk, ahol megtekintj\u00fck a National Air and Space Museumot. Info: <span style=\"color: #0000ff;\"><u><a class=\"western\" href=\"https:\/\/airandspace.si.edu\/\"> https:\/\/airandspace.si.edu\/<\/a><\/u><\/span><span style=\"font-size: medium;\"> bel\u00e9p\u0151: a m\u00fazeum l\u00e1togat\u00e1sa ingyenes. A m\u00fazeum ut\u00e1n r\u00f6vid v\u00e1rosn\u00e9z\u00e9s, majd visszautazunk a sz\u00e1ll\u00e1sunkra.<\/span><\/span><\/p>\n<p class=\"western\" align=\"justify\"><a href=\"https:\/\/www.repulonapok.hu\/wp-content\/uploads\/2018\/09\/le-capitole-a-washington-dc.jpg\"><img loading=\"lazy\" decoding=\"async\" class=\"aligncenter wp-image-1792\" src=\"https:\/\/www.repulonapok.hu\/wp-content\/uploads\/2018\/09\/le-capitole-a-washington-dc.jpg\" alt=\"le-capitole-a-washington-dc\" width=\"700\" height=\"465\" srcset=\"https:\/\/www.repulonapok.hu\/wp-content\/uploads\/2018\/09\/le-capitole-a-washington-dc.jpg 1600w, https:\/\/www.repulonapok.hu\/wp-content\/uploads\/2018\/09\/le-capitole-a-washington-dc-300x199.jpg 300w, https:\/\/www.repulonapok.hu\/wp-content\/uploads\/2018\/09\/le-capitole-a-washington-dc-1024x680.jpg 1024w\" sizes=\"(max-width: 700px) 100vw, 700px\" \/><\/a><\/p>\n<p class=\"western\" align=\"justify\"><span style=\"font-size: medium;\"><b>9. nap (augusztus 3.): <\/b> D\u00e9lel\u0151tt az Udvarh\u00e1zy Center rep\u00fcl\u0151g\u00e9p gy\u0171jtem\u00e9ny\u00e9t n\u00e9zz\u00fck meg. Majd Philadelphia k\u00f6rny\u00e9ki sz\u00e1ll\u00e1sunkra utazunk. (kb 250 km)<\/span><\/p>\n<p class=\"western\" align=\"justify\"><a href=\"https:\/\/www.repulonapok.hu\/wp-content\/uploads\/2018\/09\/U-HM_2014-4-56a2380a3df78cf7727360eb.jpg\"><img loading=\"lazy\" decoding=\"async\" class=\"aligncenter wp-image-1796\" src=\"https:\/\/www.repulonapok.hu\/wp-content\/uploads\/2018\/09\/U-HM_2014-4-56a2380a3df78cf7727360eb.jpg\" alt=\"U-HM_2014-4-56a2380a3df78cf7727360eb\" width=\"701\" height=\"464\" srcset=\"https:\/\/www.repulonapok.hu\/wp-content\/uploads\/2018\/09\/U-HM_2014-4-56a2380a3df78cf7727360eb.jpg 1024w, https:\/\/www.repulonapok.hu\/wp-content\/uploads\/2018\/09\/U-HM_2014-4-56a2380a3df78cf7727360eb-300x199.jpg 300w\" sizes=\"(max-width: 701px) 100vw, 701px\" \/><\/a><\/p>\n<p class=\"western\" align=\"justify\"><span style=\"font-size: medium;\"><b>10. nap (augusztus 4.):<\/b> New York-ba utazunk, ahol megn\u00e9zz\u00fck v\u00e1ros n\u00e9h\u00e1ny f\u0151bb nevezetess\u00e9g\u00e9t, ill. f\u0151 attrakci\u00f3j\u00e1t a USS. Intrepid rep\u00fcl\u0151g\u00e9p-hordoz\u00f3t, \u00e9s az azon ki\u00e1ll\u00edtott nagy sz\u00e1m\u00fa rep\u00fcl\u0151g\u00e9pet. Sz\u00e1ll\u00e1s New Yorkban.<\/span><\/p>\n<p class=\"western\" align=\"justify\"><a href=\"https:\/\/www.repulonapok.hu\/wp-content\/uploads\/2018\/09\/maxresdefault2-NY.jpg\"><img loading=\"lazy\" decoding=\"async\" class=\"aligncenter wp-image-1794\" src=\"https:\/\/www.repulonapok.hu\/wp-content\/uploads\/2018\/09\/maxresdefault2-NY.jpg\" alt=\"maxresdefault2 NY\" width=\"700\" height=\"394\" srcset=\"https:\/\/www.repulonapok.hu\/wp-content\/uploads\/2018\/09\/maxresdefault2-NY.jpg 4096w, https:\/\/www.repulonapok.hu\/wp-content\/uploads\/2018\/09\/maxresdefault2-NY-300x169.jpg 300w, https:\/\/www.repulonapok.hu\/wp-content\/uploads\/2018\/09\/maxresdefault2-NY-1024x576.jpg 1024w\" sizes=\"(max-width: 700px) 100vw, 700px\" \/><\/a><\/p>\n<p class=\"western\" align=\"justify\"><span style=\"font-size: medium;\"><b>11. nap (augusztus 5.):<\/b> Indul\u00e1s haza rep\u00fcl\u0151g\u00e9ppel<\/span><\/p>\n<p class=\"western\" align=\"justify\"><span style=\"font-size: medium;\"><b>12. nap (augusztus 6.): <\/b> V\u00e1rhat\u00f3 haza\u00e9rkez\u00e9s Budapestre.<\/span><\/p>\n<h1 class=\"western\" style=\"text-align: center;\" align=\"justify\">V\u00e1rhat\u00f3 r\u00e9szv\u00e9teli d\u00edj: 1650 USD + rep\u00fcl\u0151jegy<\/h1>\n<p class=\"western\">Rep\u00fcl\u0151jegy foglal\u00e1s ut\u00e1n tudjuk pontos\u00edtani az \u00e1rat.\u00a0 <span style=\"font-size: small;\"><i><b>Figyelem! <\/b><\/i><i>A rep\u00fcl\u0151t\u00e9ri illet\u00e9k pontos \u00f6sszeg\u00e9t a l\u00e9git\u00e1rsas\u00e1g csak indul\u00e1s el\u0151tt 10 nappal k\u00f6zli. A kiaj\u00e1nlott rept\u00e9ri illet\u00e9kek <\/i><i>a foglal\u00e1s napj\u00e1ra vonatkoznak. <\/i><\/span><\/p>\n<p class=\"western\" style=\"text-align: center;\" align=\"justify\">A r\u00e9szv\u00e9tel felt\u00e9tele a sikeres ESTA regisztr\u00e1ci\u00f3!<\/p>\n<p lang=\"hu-HU\"><i><u><b>A r\u00e9szv\u00e9teli d\u00edj tartalmazza<\/b><\/u><\/i><i><b>:<\/b><\/i><i> a sz\u00e1ll\u00e1sk\u00f6lts\u00e9get reggelivel, az b\u00e9raut\u00f3 utaz\u00e1s k\u00f6lts\u00e9geit \u00e9s a Buffalo &#8211; Washington belf\u00f6ldi rep\u00fcl\u0151jegyet<br \/>\n<\/i><\/p>\n<p class=\"western\"><i><u><b>A r\u00e9szv\u00e9teli d\u00edj nem tartalmazza<\/b><\/u><\/i><i><b>:<\/b><\/i><i> a Budapest &#8211; USA &#8211; Budapest rep\u00fcl\u0151jegyet \u00e9s illet\u00e9keket, az napk\u00f6zbeni \u00e9tkez\u00e9st, a vacsor\u00e1t,a bel\u00e9p\u0151jegyeket, melyek a helysz\u00ednen fizetend\u0151k \u00e9s a BBP- biztos\u00edt\u00e1st. 150 USD kauci\u00f3\/f\u0151 az aut\u00f3b\u00e9rl\u00e9shez, melyet az AVIS haza\u00e9rkez\u00e9s ut\u00e1n 2 h\u00e9ttel visszat\u00e9r\u00edt.<br \/>\n<\/i><\/p>\n<p class=\"western\" style=\"text-align: center;\" align=\"justify\">K\u00e9rj\u00fck \u00e9rdekl\u0151dj\u00f6n a r\u00e9szletekr\u0151l irod\u00e1nkban!<\/p>\n","protected":false},"excerpt":{"rendered":"<p>\u00a0 \u00a0 Szervezz\u00fck a 2019-es USA AIRTOUR utunkat \u00e9s a tavalyi el\u0151zetesre val\u00f3 jelentkez\u00e9sek alapj\u00e1n \u00e1t kell szervezni az utaz\u00e1sunkat. Ahhoz, hogy l\u00e1ssuk a pontos l\u00e9tsz\u00e1mot, arra k\u00e9rj\u00fck a jelentkez\u0151ket, [&hellip;]<\/p>\n","protected":false},"author":1,"featured_media":0,"parent":0,"menu_order":0,"comment_status":"closed","ping_status":"closed","template":"","meta":{"footnotes":""},"_links":{"self":[{"href":"https:\/\/www.repulonapok.hu\/index.php?rest_route=\/wp\/v2\/pages\/1791"}],"collection":[{"href":"https:\/\/www.repulonapok.hu\/index.php?rest_route=\/wp\/v2\/pages"}],"about":[{"href":"https:\/\/www.repulonapok.hu\/index.php?rest_route=\/wp\/v2\/types\/page"}],"author":[{"embeddable":true,"href":"https:\/\/www.repulonapok.hu\/index.php?rest_route=\/wp\/v2\/users\/1"}],"replies":[{"embeddable":true,"href":"https:\/\/www.repulonapok.hu\/index.php?rest_route=%2Fwp%2Fv2%2Fcomments&post=1791"}],"version-history":[{"count":21,"href":"https:\/\/www.repulonapok.hu\/index.php?rest_route=\/wp\/v2\/pages\/1791\/revisions"}],"predecessor-version":[{"id":1900,"href":"https:\/\/www.repulonapok.hu\/index.php?rest_route=\/wp\/v2\/pages\/1791\/revisions\/1900"}],"wp:attachment":[{"href":"https:\/\/www.repulonapok.hu\/index.php?rest_route=%2Fwp%2Fv2%2Fmedia&parent=1791"}],"curies":[{"name":"wp","href":"https:\/\/api.w.org\/{rel}","templated":true}]}}