{"id":1391,"date":"2017-03-02T13:16:51","date_gmt":"2017-03-02T12:16:51","guid":{"rendered":"http:\/\/www.repulonapok.hu\/?page_id=1391"},"modified":"2025-03-04T19:11:11","modified_gmt":"2025-03-04T18:11:11","slug":"caslav-air-base-nyilt-nap-csehorszagban","status":"publish","type":"page","link":"https:\/\/www.repulonapok.hu\/?page_id=1391","title":{"rendered":"\u010c\u00e1slav Air Base &#8211; ny\u00edlt nap Csehorsz\u00e1gban"},"content":{"rendered":"<p><strong>Id\u0151pont : <\/strong>2025.05.16-18. \u00a0 \u00a0 \u00a0 \u00a0 \u00a0\u00a0 \u00a0 \u00a0 \u00a0 \u00a0 \u00a0\u00a0<strong> Poz. sz\u00e1m:\u00a0 <\/strong>25\/RCA\/03<\/p>\n<p class=\"western\"><strong>\u00datvonal : <\/strong>Budapest \u2013 Brno \u2013 \u010c\u00e1slav \u00fatvonalon \u00e9s vissza (kb. 1050 km)<\/p>\n<p><strong>Utaz\u00e1s :<\/strong> aut\u00f3busszal<br \/>\n<strong>Ell\u00e1t\u00e1s:<\/strong> \u00f6nell\u00e1t\u00e1s<\/p>\n<p><a href=\"https:\/\/www.repulonapok.hu\/wp-content\/uploads\/2017\/03\/Caslav.jpg\"><img loading=\"lazy\" decoding=\"async\" class=\"aligncenter size-full wp-image-1411\" src=\"https:\/\/www.repulonapok.hu\/wp-content\/uploads\/2017\/03\/Caslav.jpg\" alt=\"Caslav\" width=\"500\" height=\"302\" srcset=\"https:\/\/www.repulonapok.hu\/wp-content\/uploads\/2017\/03\/Caslav.jpg 500w, https:\/\/www.repulonapok.hu\/wp-content\/uploads\/2017\/03\/Caslav-300x181.jpg 300w\" sizes=\"(max-width: 500px) 100vw, 500px\" \/><\/a><\/p>\n<p class=\"western\" align=\"center\"><span style=\"font-size: large;\"><u><b>P<\/b><\/u><\/span><span style=\"font-size: large;\"><u><b>ROGRAM:<\/b><\/u><\/span><\/p>\n<p><strong>1.nap:<\/strong><\/p>\n<p><strong>Indul\u00e1s: 2025.05.16-\u00e1n 23:30-kor<\/strong><\/p>\n<p><strong>Budapest, Ecseri \u00fat OMV benzink\u00fat, belv\u00e1ros fel\u00e9 vezet\u0151 oldalon (\u00dcll\u0151i \u00fat 110).<\/strong><\/p>\n<p>Folyamatos utaz\u00e1ssal, n\u00e9h\u00e1ny r\u00f6videbb pihen\u0151 ut\u00e1n a reggeli \u00f3r\u00e1kban \u00e9rkez\u00fcnk a \u010c\u00e1slavi rep\u00fcl\u0151 b\u00e1zisra. Ny\u00edlt nap keret\u00e9ben (bel\u00e9p\u00e9s ingyenes) eg\u00e9sz napos egy\u00e9ni r\u00e9szv\u00e9tel a rep\u00fcl\u0151bemutat\u00f3n. Hazai \u00e9s k\u00fclf\u00f6ldi r\u00e9sztvev\u0151kkel l\u00e1tv\u00e1nyos l\u00e9gi-bemutat\u00f3kra is sor ker\u00fcl.<br \/>\nEste 18 \u00f3ra k\u00f6r\u00fcl (de a program f\u00fcggv\u00e9ny\u00e9ben) indul\u00e1s hazafel\u00e9.<br \/>\nV\u00e1rhat\u00f3 \u00e9rkez\u00e9s Budapestre 2025.05.18-\u00e1n, a kora hajnali \u00f3r\u00e1kban, lesz\u00e1ll\u00e1si lehet\u0151s\u00e9g az aut\u00f3buszr\u00f3l a felsz\u00e1ll\u00e1ssal megegyez\u0151 helyeken.<\/p>\n<h1 style=\"text-align: center;\">R\u00e9szv\u00e9teli d\u00edj: 22 500 Ft\/f\u0151<\/h1>\n<p>Az utaz\u00e1s min 35 f\u0151vel indul.<\/p>\n<p><strong><em><u>A r\u00e9szv\u00e9teli d\u00edj tartalmazza<\/u><\/em><\/strong><strong><em>: <\/em><\/strong><em>\u00a0az aut\u00f3buszos utaz\u00e1s k\u00f6lts\u00e9geit <\/em><\/p>\n<p><strong><em><u>A r\u00e9szv\u00e9teli d\u00edj nem tartalmazza<\/u><\/em><\/strong><strong><em>:<\/em><\/strong><em> a BBP- biztos\u00edt\u00e1st, mely irod\u00e1inkban megk\u00f6thet\u0151k.<\/em><\/p>\n<p style=\"text-align: center;\"><strong>\u00c9LM\u00c9NYEKBEN GAZDAG UTAZ\u00c1ST, SOK-SOK REP\u00dcL\u0150G\u00c9PET K\u00cdV\u00c1NUNK!<\/strong><\/p>\n<p lang=\"hu-HU\" align=\"center\"><a href=\"https:\/\/www.repulonapok.hu\/wp-content\/uploads\/2017\/03\/Caslav-2.jpg\"><img loading=\"lazy\" decoding=\"async\" class=\"aligncenter size-full wp-image-1410\" src=\"https:\/\/www.repulonapok.hu\/wp-content\/uploads\/2017\/03\/Caslav-2.jpg\" alt=\"Caslav 2\" width=\"500\" height=\"297\" srcset=\"https:\/\/www.repulonapok.hu\/wp-content\/uploads\/2017\/03\/Caslav-2.jpg 500w, https:\/\/www.repulonapok.hu\/wp-content\/uploads\/2017\/03\/Caslav-2-300x178.jpg 300w\" sizes=\"(max-width: 500px) 100vw, 500px\" \/><\/a><\/p>\n","protected":false},"excerpt":{"rendered":"<p>Id\u0151pont : 2025.05.16-18. \u00a0 \u00a0 \u00a0 \u00a0 \u00a0\u00a0 \u00a0 \u00a0 \u00a0 \u00a0 \u00a0\u00a0 Poz. sz\u00e1m:\u00a0 25\/RCA\/03 \u00datvonal : Budapest \u2013 Brno \u2013 \u010c\u00e1slav \u00fatvonalon \u00e9s vissza (kb. 1050 km) Utaz\u00e1s [&hellip;]<\/p>\n","protected":false},"author":1,"featured_media":0,"parent":0,"menu_order":0,"comment_status":"closed","ping_status":"closed","template":"","meta":{"footnotes":""},"_links":{"self":[{"href":"https:\/\/www.repulonapok.hu\/index.php?rest_route=\/wp\/v2\/pages\/1391"}],"collection":[{"href":"https:\/\/www.repulonapok.hu\/index.php?rest_route=\/wp\/v2\/pages"}],"about":[{"href":"https:\/\/www.repulonapok.hu\/index.php?rest_route=\/wp\/v2\/types\/page"}],"author":[{"embeddable":true,"href":"https:\/\/www.repulonapok.hu\/index.php?rest_route=\/wp\/v2\/users\/1"}],"replies":[{"embeddable":true,"href":"https:\/\/www.repulonapok.hu\/index.php?rest_route=%2Fwp%2Fv2%2Fcomments&post=1391"}],"version-history":[{"count":6,"href":"https:\/\/www.repulonapok.hu\/index.php?rest_route=\/wp\/v2\/pages\/1391\/revisions"}],"predecessor-version":[{"id":3131,"href":"https:\/\/www.repulonapok.hu\/index.php?rest_route=\/wp\/v2\/pages\/1391\/revisions\/3131"}],"wp:attachment":[{"href":"https:\/\/www.repulonapok.hu\/index.php?rest_route=%2Fwp%2Fv2%2Fmedia&parent=1391"}],"curies":[{"name":"wp","href":"https:\/\/api.w.org\/{rel}","templated":true}]}}